{"id":212,"date":"2017-09-12T07:12:31","date_gmt":"2017-09-12T07:12:31","guid":{"rendered":"https:\/\/kumaraweb.com\/blog\/?page_id=212"},"modified":"2018-08-29T10:50:10","modified_gmt":"2018-08-29T10:50:10","slug":"fundacion-recover","status":"publish","type":"page","link":"https:\/\/kumaraweb.com\/blog\/","title":{"rendered":"Fundaci\u00f3n Recover"},"content":{"rendered":"<p>Desde 2007 desarrollamos y apoyamos la gesti\u00f3n de hospitales sin \u00e1nimo de lucro en distintos pa\u00edses de \u00c1frica con el objetivo principal de ofrecer una atenci\u00f3n y asistencia sanitaria digna y acorde con las necesidades b\u00e1sicas de la poblaci\u00f3n.<\/p>\n","protected":false},"excerpt":{"rendered":"<p>Desde 2007 desarrollamos y apoyamos la gesti\u00f3n de hospitales sin \u00e1nimo de lucro en distintos pa\u00edses de \u00c1frica con el objetivo principal de ofrecer una atenci\u00f3n y asistencia sanitaria digna y acorde con las necesidades b\u00e1sicas de la poblaci\u00f3n.<\/p>\n","protected":false},"author":7,"featured_media":179,"parent":0,"menu_order":0,"comment_status":"closed","ping_status":"closed","template":"","meta":{"footnotes":""},"_links":{"self":[{"href":"https:\/\/kumaraweb.com\/blog\/wp-json\/wp\/v2\/pages\/212"}],"collection":[{"href":"https:\/\/kumaraweb.com\/blog\/wp-json\/wp\/v2\/pages"}],"about":[{"href":"https:\/\/kumaraweb.com\/blog\/wp-json\/wp\/v2\/types\/page"}],"author":[{"embeddable":true,"href":"https:\/\/kumaraweb.com\/blog\/wp-json\/wp\/v2\/users\/7"}],"replies":[{"embeddable":true,"href":"https:\/\/kumaraweb.com\/blog\/wp-json\/wp\/v2\/comments?post=212"}],"version-history":[{"count":12,"href":"https:\/\/kumaraweb.com\/blog\/wp-json\/wp\/v2\/pages\/212\/revisions"}],"predecessor-version":[{"id":831,"href":"https:\/\/kumaraweb.com\/blog\/wp-json\/wp\/v2\/pages\/212\/revisions\/831"}],"wp:featuredmedia":[{"embeddable":true,"href":"https:\/\/kumaraweb.com\/blog\/wp-json\/wp\/v2\/media\/179"}],"wp:attachment":[{"href":"https:\/\/kumaraweb.com\/blog\/wp-json\/wp\/v2\/media?parent=212"}],"curies":[{"name":"wp","href":"https:\/\/api.w.org\/{rel}","templated":true}]}}